 base 12?
31a2
Convert -15814 (base 12) to base 11.
-20a48
What is 1043 (base 7) in base 9?
455
What is 2249 (base 10) in base 2?
100011001001
Convert 323114 (base 5) to base 14.
4042
What is -2b9 (base 15) in base 8?
-1160
What is -10403 (base 6) in base 3?
-1222110
42041 (base 6) to base 14
20ad
What is -2647 (base 11) in base 12?
-1ba7
Convert 588a (base 14) to base 15.
4875
What is 6b7c (base 15) in base 12?
11276
What is -101110011011 (base 2) in base 8?
-5633
What is 330012 (base 4) in base 11?
2987
-1331 (base 6) to base 8
-527
6b4 (base 12) to base 9
1331
What is -a547 (base 12) in base 14?
-6819
What is -10002111 (base 3) in base 5?
-33004
Convert -85077 (base 9) to base 16.
-db8b
Convert -7758 (base 13) to base 14.
-60c3
What is 3163 (base 7) in base 4?
101203
Convert -2120111122 (base 3) to base 4.
-30113231
What is 116a (base 13) in base 14?
c74
-112301 (base 4) to base 3
-1222222
Convert 5302 (base 10) to base 13.
254b
204 (base 10) to base 14
108
What is -1010120 (base 3) in base 4?
-30321
3685 (base 11) to base 12
2950
122321 (base 6) to base 5
322141
What is -12987 (base 15) in base 10?
-59527
Convert -110233 (base 5) to base 8.
-7352
What is 1336 (base 15) in base 9?
5556
-11222210 (base 3) to base 13
-186c
-14b72 (base 12) to base 7
-151322
13232 (base 7) to base 11
2739
-17a (base 12) to base 5
-1423
Convert 61 (base 11) to base 7.
124
Convert -3131 (base 4) to base 6.
-1005
Convert 11265 (base 7) to base 12.
1809
What is 20211120 (base 3) in base 7?
20346
Convert 20001 (base 4) to base 12.
369
What is -2605 (base 13) in base 16?
-1525
What is -26303 (base 8) in base 16?
-2cc3
What is 5643 (base 10) in base 2?
1011000001011
Convert -385 (base 12) to base 14.
-2a1
1885 (base 11) to base 14
c2c
Convert -403 (base 6) to base 2.
-10010011
-4211 (base 7) to base 5
-21403
-937 (base 10) to base 11
-782
Convert -20562 (base 10) to base 5.
-1124222
What is -344 (base 7) in base 3?
-20122
Convert 222210 (base 3) to base 11.
5a8
-1111 (base 6) to base 4
-10003
122 (base 11) to base 2
10010001
Convert 3021030 (base 4) to base 13.
5b26
-16177 (base 16) to base 2
-10110000101110111
Convert 1667d (base 14) to base 12.
28607
Convert -33 (base 14) to base 9.
-50
What is 343335 (base 7) in base 3?
10002222200
What is 5514 (base 7) in base 8?
3663
Convert 2000010 (base 3) to base 13.
885
-30002001 (base 4) to base 5
-3034111
Convert 1403143 (base 5) to base 15.
86d3
What is -6005 (base 9) in base 15?
-146e
What is -a9 (base 11) in base 4?
-1313
Convert -28a67 (base 11) to base 6.
-514445
-1000101110110000 (base 2) to base 16
-8bb0
What is -11000012 (base 3) in base 2?
-101101101001
What is 100010000001 (base 2) in base 8?
4201
Convert 11100002 (base 3) to base 8.
6131
-11647 (base 8) to base 11
-3864
Convert 34144 (base 6) to base 16.
12d0
Convert 294 (base 15) to base 7.
1501
-16b58 (base 13) to base 5
-2344200
Convert -2103113 (base 5) to base 11.
-24151
Convert 280 (base 15) to base 3.
210010
What is 34543 (base 7) in base 11?
6717
-1b3b1 (base 13) to base 8
-150203
What is 1575 (base 15) in base 9?
6282
-1bbe (base 15) to base 6
-43525
-220a (base 12) to base 3
-12011001
-61a4 (base 11) to base 14
-2dd3
What is -12251 (base 6) in base 2?
-11100100111
Convert -10011000011110 (base 2) to base 11.
-7371
-1413 (base 14) to base 2
-110111011001
-21453 (base 6) to base 16
-ba9
Convert -63056 (base 7) to base 10.
-15476
-2545 (base 6) to base 15
-2cb
What is 125 (base 15) in base 13?
170
What is 10021210 (base 3) in base 11?
188a
Convert -66 (base 7) to base 8.
-60
What is de (base 16) in base 3?
22020
What is -27580 (base 9) in base 3?
-221122200
-11011010111100 (base 2) to base 8
-33274
What is -7457 (base 8) in base 15?
-1242
a7d7 (base 15) to base 6
432251
1b16 (base 14) to base 5
124140
-100101011110 (base 2) to base 11
-1890
504 (base 8) to base 15
169
What is 103213 (base 4) in base 12?
887
-120103 (base 4) to base 11
-1194
What is 1472 (base 10) in base 8?
2700
1600 (base 8) to base 16
380
Convert 2d14 (base 16) to base 12.
6818
1 (base 7) to base 13
1
Convert 101100 (base 2) to base 11.
40
What is 659 (base 16) in base 10?
1625
3212123 (base 4) to base 16
399b
-203213 (base 4) to base 2
-100011100111
131300 (base 4) to base 6
12452
Convert -7c68 (base 15) to base 9.
-40218
-23484 (base 11) to base 3
-1201102202
Convert 202200 (base 3) to base 13.
33c
Convert 9b5 (base 13) to base 5.
23134
1395 (base 13) to base 3
10212200
5a0 (base 15) to base 13
771
1a0 (base 13) to base 15
14e
-1010011101101 (base 2) to base 13
-2591
-3152 (base 6) to base 2
-1011001100
5d0 (base 15) to base 9
1726
342 (base 11) to base 8
631
Convert -23152 (base 8) to base 9.
-14436
Convert -25353 (base 8) to base 7.
-44014
Convert 148 (base 10) to base 15.
9d
-93c3 (base 16) to base 9
-56800
-24807 (base 9) to base 5
-1013233
1134310 (base 5) to base 7
115552
Convert -120d (base 14) to base 16.
-c4d
What is -5645 (base 7) in base 4?
-133322
Convert -12008 (base 11) to base 7.
-101320
What is 9846 (base 12) in base 4?
10011312
13324 (base 5) to base 4
101001
-142 (base 10) to base 11
-11a
Convert -1593 (base 11) to base 7.
-5641
What is -7c2 (base 15) in base 14?
-8d7
What is 687 (base 13) in base 2?
10001100101
3883 (base 10) to base 3
12022211
-402214 (base 5) to base 4
-3020021
Convert -662 (base 11) to base 7.
-2213
Convert -20221 (base 3) to base 13.
-115
What is 1033123 (base 4) in base 14?
1bd1
Convert 11011100100110 (base 2) to base 11.
a675
Convert 1030 (base 6) to base 14.
12a
What is -1b6 (base 15) in base 6?
-1500
What is 1835 (base 13) in base 16?
e09
-15265 (base 8) to base 9
-10336
What is d (base 16) in base 6?
21
-1b3bc (base 15) to base 3
-11111112120
-101211120 (base 3) to base 14
-2c43
What is -3131 (base 4) in base 14?
-11b
-127742 (base 8) to base 15
-d51b
What is -5a (base 12) in base 4?
-1012
Convert 65482 (base 9) to base 5.
2342114
Convert -338 (base 9) to base 2.
-100010110
6c26 (base 13) to base 15
47b2
256332 (base 7) to base 5
3012342
-3b1 (base 15) to base 11
-6a5
-12517 (base 8) to base 12
-31a7
Convert 1daa (base 15) to base 14.
24d6
What is 101101100 (base 3) in base 2?
1110110010001
Convert 10625 (base 10) to base 8.
24601
What is -19952 (base 12) in base 13?
-1419b
What is 27316 (base 8) in base 2?
10111011001110
Convert 10011000001011 (base 2) to base 6.
113031
Convert 3dd (base 14) to base 8.
1417
Convert -19b (base 15) to base 7.
-1040
What is 1056a (base 14) in base 13?
14c89
Convert -26d (base 16) to base 4.
-21231
Convert 2180 (base 15) to base 8.
15667
Convert 256 (base 7) to base 2.
10001011
16230 (base 7) to base 5
121303
Convert 24d (base 16) to base 13.
364
Convert -178a3 (base 14) to base 16.
-e7c7
-251 (base 6) to base 11
-94
Convert -5965 (base 16) to base 14.
-84a9
What is -21c5 (base 13) in base 2?
-1001001110100
Convert 1031030 (base 5) to base 14.
6600
5968 (base 12) to base 11
7586
Convert -6b (base 12) to base 13.
-65
What is 6384 (base 10) in base 11?
4884
8b07 (base 13) to base 3
222200002
-4838 (base 12) to base 5
-224413
15ab (base 12) to base 13
1235
What is 2203122 (base 4) in base 11?
7948
What is -213 (base 13) in base 11?
-2a2
Convert 30132 (base 6) to base 9.
5362
-215 (base 11) to base 8
-402
Convert 1001010101011110 (base 2) to base 12.
1a166
-11102102222 (base 3) to base 4
-111100202
Convert -3c8 (base 14) to base 2.
-1011111100
-5b78 (base 13) to base 11
-97a7
Convert 199 (base 11) to base 6.
1021
Convert 4033 (base 5) to base 14.
290
What is -2120301 (base 4) in base 8?
-23061
21010120 (base 3) to base 13
249c
150 (base 16) to base 6
1320
41013 (base 5) to base 4
221021
-111103 (base 4) to base 9
-1774
Convert 181 (base 10) to base 16.
b5
2102 (base 5) to base 14
15b
What is -3046 (base 7) in base 15?
-4ad
-359 (base 14) to base 2
-1010011011
Convert -3ee9 (base 16) to base 13.
-743b
What is 11455 (base 8) in base 2?
1001100101101
-35062 (base 8) to base 3
-202102210
Convert 222310 (base 4) to base 8.
5264
Convert -38900 (base 10) to base 16.
-97f4
11001011010 (base 2) to base 8
3132
What is -120233 (base 4) in base 8?
-3057
Convert 11 (base 6) to base 15.
7
What is -101001 (base 4) in base 11?
-900
What is 6d (base 14) in base 12?
81
Convert -10414 (base 7) to base 13.
-1258
What is -1100201